ommon divisor of 35064 and 180.
36
Calculate the greatest common divisor of 3 and 15624.
3
Calculate the highest common divisor of 757300 and 25.
25
What is the highest common factor of 879 and 6739?
293
Calculate the highest common factor of 25047 and 4761.
207
What is the greatest common divisor of 2240 and 38388?
28
What is the highest common factor of 28160 and 440?
440
Calculate the greatest common divisor of 996 and 158115.
249
What is the greatest common divisor of 21 and 7364?
7
What is the greatest common divisor of 2485 and 90195?
35
What is the highest common factor of 15222 and 177?
177
Calculate the greatest common factor of 48964 and 4.
4
Calculate the highest common divisor of 225387 and 634.
317
Calculate the greatest common factor of 1152 and 226368.
576
What is the highest common factor of 78 and 3085914?
78
Calculate the highest common factor of 2720 and 341600.
160
What is the greatest common factor of 32 and 21904?
16
What is the highest common factor of 214844 and 784?
28
Calculate the highest common factor of 30 and 316800.
30
What is the greatest common divisor of 84 and 60384?
12
Calculate the greatest common divisor of 1610 and 224735.
35
What is the highest common divisor of 10395 and 198?
99
Calculate the greatest common divisor of 15 and 49065.
15
Calculate the greatest common divisor of 16 and 10862.
2
What is the greatest common divisor of 311367 and 343?
7
What is the greatest common divisor of 372 and 384?
12
What is the highest common factor of 59724 and 1316?
28
What is the greatest common factor of 65520 and 10?
10
Calculate the greatest common divisor of 252 and 163908.
36
What is the highest common divisor of 3960 and 1957560?
1320
What is the highest common factor of 41487 and 57?
3
Calculate the greatest common divisor of 6584 and 608.
8
Calculate the greatest common factor of 6692 and 238.
14
Calculate the greatest common divisor of 125361 and 54.
27
Calculate the highest common factor of 16 and 1368.
8
Calculate the greatest common factor of 960891 and 1362.
681
Calculate the highest common divisor of 3501 and 693.
9
What is the greatest common factor of 663 and 1872?
39
What is the greatest common factor of 13891770 and 135?
135
What is the greatest common factor of 3270 and 150?
30
Calculate the highest common divisor of 13 and 7475.
13
What is the greatest common factor of 6 and 4184?
2
What is the greatest common divisor of 9 and 63243?
9
Calculate the greatest common divisor of 280 and 32800.
40
Calculate the highest common factor of 44530 and 488.
122
What is the greatest common divisor of 111 and 7289?
37
Calculate the highest common factor of 3456 and 10104.
24
Calculate the greatest common factor of 1012 and 688.
4
Calculate the highest common factor of 70337 and 814.
37
What is the greatest common factor of 20705 and 20?
5
What is the highest common factor of 693 and 175483?
77
What is the greatest common divisor of 82355 and 5460?
455
Calculate the greatest common divisor of 760 and 16435.
95
Calculate the highest common factor of 83766 and 115.
23
Calculate the greatest common divisor of 56650 and 950.
50
Calculate the greatest common factor of 18239 and 598.
299
Calculate the greatest common factor of 6 and 221000.
2
Calculate the highest common factor of 795 and 7530.
15
What is the greatest common factor of 756 and 1485?
27
Calculate the highest common divisor of 10976 and 352.
32
Calculate the greatest common divisor of 1136415 and 42.
21
What is the highest common divisor of 51049 and 2157?
719
Calculate the highest common divisor of 8312 and 393781.
1039
What is the greatest common factor of 7984861 and 397?
397
What is the highest common factor of 13395 and 29375?
235
What is the greatest common divisor of 1210 and 40656?
242
What is the highest common divisor of 3816 and 27144?
72
Calculate the highest common factor of 127354 and 185.
37
What is the greatest common divisor of 275 and 86845?
55
What is the greatest common divisor of 674 and 36?
2
Calculate the greatest common divisor of 1042 and 22274834.
1042
Calculate the highest common divisor of 57 and 17347.
19
Calculate the greatest common divisor of 24 and 258064.
8
What is the highest common factor of 17121 and 975?
39
Calculate the greatest common divisor of 50 and 4960.
10
Calculate the greatest common factor of 1104 and 154560.
1104
Calculate the greatest common factor of 382 and 3138.
2
What is the greatest common factor of 139398 and 42?
42
Calculate the greatest common factor of 93639 and 195.
39
Calculate the greatest common factor of 1676 and 72.
4
Calculate the greatest common factor of 16 and 1531792.
16
Calculate the highest common divisor of 1223140 and 1288.
92
Calculate the greatest common factor of 185560 and 100.
20
Calculate the greatest common divisor of 98 and 785162.
14
Calculate the greatest common divisor of 37079 and 7.
7
What is the greatest common factor of 191310 and 560?
70
Calculate the highest common factor of 76272 and 196.
28
Calculate the greatest common factor of 462 and 77154.
462
Calculate the highest common divisor of 144689 and 41.
41
What is the greatest common factor of 4517601 and 33?
33
Calculate the greatest common divisor of 62175 and 600.
75
Calculate the greatest common divisor of 505017 and 9.
9
Calculate the highest common factor of 1246 and 107779.
623
Calculate the greatest common divisor of 2 and 80702.
2
What is the greatest common factor of 1342653 and 1557?
519
Calculate the highest common factor of 710 and 250.
10
Calculate the greatest common factor of 72 and 6262416.
72
What is the greatest common factor of 71852 and 143?
11
What is the highest common divisor of 189 and 2751?
21
What is the greatest common divisor of 160 and 529824?
32
Calculate the highest common factor of 177280 and 18005.
1385
Calculate the highest common divisor of 84 and 139584.
12
What is the greatest common divisor of 33914 and 806?
62
What is the greatest common divisor of 47787 and 259549?
937
What is the greatest common factor of 533 and 377?
13
Calculate the greatest common divisor of 89 and 131987.
89
Calculate the highest common divisor of 800 and 5540.
20
Calculate the greatest common divisor of 3473566 and 118.
118
Calculate the highest common factor of 106201 and 183.
61
Calculate the greatest common divisor of 48 and 113868.
12
Calculate the highest common divisor of 80265 and 135.
15
Calculate the highest common factor of 144 and 3732.
12
What is the highest common divisor of 44664 and 24?
24
What is the greatest common factor of 16335 and 18315?
495
What is the greatest common factor of 12 and 815908?
4
Calculate the highest common divisor of 11 and 473561.
11
Calculate the highest common factor of 1880 and 62520.
40
What is the highest common factor of 31161 and 52?
13
Calculate the highest common divisor of 108 and 15294.
6
What is the greatest common factor of 81 and 1134162?
81
What is the greatest common divisor of 7482 and 116?
58
What is the greatest common factor of 27675 and 2400?
75
What is the highest common factor of 372 and 289602?
186
Calculate the highest common factor of 64540 and 1260.
140
What is the highest common factor of 230895 and 63?
63
Calculate the highest common factor of 20831584 and 32.
32
Calculate the highest common divisor of 52490 and 724.
362
What is the greatest common divisor of 64 and 8096?
32
Calculate the highest common divisor of 14 and 342923.
7
Calculate the greatest common divisor of 871 and 169.
13
Calculate the greatest common factor of 9712956 and 33.
33
What is the highest common factor of 354 and 14298?
6
What is the highest common factor of 6500 and 7020?
260
Calculate the highest common factor of 1545340 and 160.
20
What is the highest common factor of 14014 and 66?
22
What is the highest common divisor of 4807 and 47633?
437
What is the highest common divisor of 50005 and 292?
73
Calculate the greatest common divisor of 5 and 296035.
5
What is the highest common factor of 17908 and 37?
37
Calculate the greatest common factor of 597672 and 1080.
216
Calculate the greatest common factor of 39663 and 351.
351
What is the highest common factor of 63547 and 545?
109
What is the greatest common divisor of 4536 and 5643?
27
Calculate the